reatest common divisor of h and 2.
2
Let s(t) = t**3 + t + 120. Let u be s(0). Let w be (-3 - -2)*u/(-3). Calculate the highest common factor of 10 and w.
10
Let a be 8*(90/4)/5. Let s be ((-120)/a)/(1/(-6)). Calculate the greatest common divisor of s and 4.
4
Suppose -26 = 3*q + 4*u + 99, 3*u = q + 33. Let h = 141 - q. Calculate the greatest common factor of h and 20.
20
Suppose 24*g - 428 = -20. Let c(h) = -21*h**3 - 2*h - 2. Let d be c(-2). Calculate the greatest common divisor of d and g.
17
Let j(g) = -2*g + 4. Let l be j(7). Let p be -2 + 2/(l/(-485)). Calculate the greatest common divisor of 38 and p.
19
Let c = -56 + 59. Suppose c*m - 67 = -5*u + 3*u, 0 = 2*m + 3*u - 43. Calculate the highest common divisor of 23 and m.
23
Let f = 3050 + -2885. Calculate the highest common divisor of 135 and f.
15
Suppose -5 + 50 = 5*k. Suppose k*w = 12*w - 24. Suppose -2*u + w = 0, -2*t + 3*u = -2*u - 28. Calculate the highest common factor of t and 60.
12
Let m(i) = -i**2 + 12*i - 6. Let k be m(8). Let q be (3/(-1))/(9/(-117)). What is the highest common divisor of q and k?
13
Let f = 175 - 145. Calculate the greatest common factor of f and 70.
10
Suppose 64 = -26*n + 30*n. Suppose 2*c = 2*u + 6, -n = -3*u - 4*c + 3. What is the greatest common factor of u and 2?
1
Let i(b) = b**3 + 12*b**2 + 3*b - 35. Let x be i(-10). Suppose -4*k = 4*g - 72, g + 63 = 4*k + 2*g. Calculate the greatest common factor of x and k.
15
Let n = -369 - -391. What is the highest common divisor of n and 352?
22
Suppose -12 = -5*b + 2573. Let j = 727 - b. Suppose j = 5*d - 0*d. Calculate the greatest common divisor of d and 14.
14
Suppose -2*g + 72 = v, -v + 8 = v. Let h(t) = -t**2 + 46*t - 397. Let r be h(32). Calculate the highest common divisor of g and r.
17
Suppose 0 = -139*m + 135*m + 300. Calculate the greatest common divisor of m and 45.
15
Let g(c) = 10*c + 7. Let f be g(5). Suppose -18*d + 19 = -17*d. What is the greatest common factor of f and d?
19
Let a be 6/99 + 384/198. Suppose y = -y + 32. Suppose -2*t + 0*c + y = -c, t + c = 2. Calculate the highest common factor of t and a.
2
Suppose 0*x + 5*x - 180 = 0. Let t = x + -20. Calculate the greatest common divisor of t and 2.
2
Let d = 14 - 12. Let h(f) = 11 - 3*f + f + d*f + f. Let v be h(8). Calculate the greatest common factor of v and 209.
19
Suppose 0 = 2*i - 2, -i + 4*i + 17 = 5*z. Suppose 38 = 3*g + z*o, -2*g - 2*o = -0*o - 24. Calculate the greatest common divisor of g and 110.
10
Suppose 0 = -17*u + 22*u - 5135. What is the greatest common factor of u and 26?
13
Let g be (-2)/(-6) - (-9)/(81/510). Suppose 0*x + 4*a = 3*x - 60, -3*a - g = -3*x. What is the highest common divisor of 4 and x?
4
Suppose -5*n = -u - 16, -5*u - 4 = -5*n - 24. Suppose -4*t + a + u = -76, t - 25 = a. Suppose -z - 11 = -41. What is the greatest common divisor of z and t?
10
Let c(q) = 29*q + 524. Let s be c(-17). What is the greatest common divisor of 1643 and s?
31
Let h(o) = -o**3 - 2*o**2 + o. Let w be h(1). Let x be (0 + w - -12) + 1. Let y = 35 + x. Calculate the greatest common divisor of y and 115.
23
Let s be 16 - (-3)/(-1 - -4). Suppose 0 = -20*i + 15*i + 85. What is the greatest common divisor of s and i?
17
Suppose -18*y + 630 = 3*y. Suppose -m + 31 - 11 = 0. What is the highest common divisor of m and y?
10
Suppose 0 = q - 0 + 1. Let z be (q + 2)/((-12)/(-108)). Let m = 20 - z. What is the greatest common factor of 11 and m?
11
Suppose 0 = 4*v - 9*v + 475. Calculate the greatest common divisor of v and 665.
95
Let f(p) = -p**2 - 11*p - 14. Let i(b) = b**2 - 12*b + 11. Let w be i(10). Let c be f(w). Calculate the highest common factor of c and 32.
4
Let t(k) = 4*k**3 + 86*k**2 + 3*k - 14. Let s be t(-21). What is the greatest common divisor of 115 and s?
115
Suppose 32*u - 144 = 24*u. Let r = -36 - -26. Let k be -1*(-5)/(r/(-24)). Calculate the highest common factor of k and u.
6
Let q(t) = 27*t - 33. Let u be q(5). Calculate the highest common factor of 12 and u.
6
Let j = -7 + 1. Let t be (-2)/(j/(-3)) + 4. Let m be 24*(t - (-15)/(-6)). Calculate the highest common divisor of 4 and m.
4
Suppose 5*d - 12 = -3*l, -3*l = 3 - 0. Let z be (-1 + 5)*(d + 162/24). Calculate the highest common divisor of z and 26.
13
Let i be (-550)/(-2)*(-5 + 6). Let s be 3/12 - 198/(-8). What is the highest common factor of i and s?
25
Let h(w) = -w**3 + 18*w**2 - 4*w + 10. Suppose 4*i - 9 = -a - 0*a, -i = 5*a - 83. Let q be h(a). What is the greatest common divisor of q and 33?
33
Let i(a) = -6*a**2 + 1. Let c be i(1). Let s = 9 + c. Suppose -s*n + 1677 - 533 = 0. What is the highest common factor of 26 and n?
26
Let g be 0/(-2) - (-3 - 11). Let u be 37/2 + g/(-28). What is the highest common factor of 108 and u?
18
Let q be (-12)/(24/7)*-2*1. Calculate the highest common factor of 7 and q.
7
Suppose 9*d = -306 - 234. Let s be 126/15*d/(-9). Calculate the highest common factor of s and 14.
14
Let r = 611 + -512. What is the greatest common factor of r and 990?
99
Let i = -1 + 4. Let r = i - -2. Let a = -23 - -68. Calculate the highest common divisor of a and r.
5
Suppose -5*o - 8 = a, 12 + 28 = 4*a - 4*o. Let f(j) = -j + 21. Let c be f(a). Let z = 273 - 147. Calculate the highest common divisor of z and c.
14
Suppose -3*t = -11 - 4. Suppose 2*m + 377 = 3*o, -785 = -t*o + 4*m - 156. Calculate the greatest common divisor of o and 50.
25
Suppose 0 = -0*c - 4*c. Suppose -5*u + 316 - 111 = c. Let t = u + -14. What is the highest common divisor of 27 and t?
27
Suppose 15 = -l + 17. Suppose 80 = l*d + 3*k, -2*k - 80 = 4*d - 6*d. What is the highest common factor of d and 5?
5
Let u = 2755 - 2733. Let c be (-1 + 2)/((-2)/(-352)). What is the highest common divisor of u and c?
22
Let j = 12 - -15. Let c = 40 - j. Calculate the highest common factor of c and 130.
13
Let d be 56 - ((-6)/(-3) + 2). Calculate the highest common factor of d and 12.
4
Let q(h) = -h**2 + 9. Let k be q(0). Let i(z) = -8*z + 21 + 0 + 7*z. Let a be i(k). Calculate the highest common factor of 84 and a.
12
Let x be (3/(-3) - 1)*(-3)/(-6). Let j be 4 + x/(1/(-26)). What is the greatest common divisor of j and 50?
10
Suppose 3*j + 2*f = 5, 2*f - 3 = -3*j - f. Suppose -3*b = -h + 4, -17 = -5*h - b + j. Suppose -7*r - 6 = -34. What is the greatest common divisor of r and h?
4
Let y = -309 - -474. Calculate the highest common divisor of y and 66.
33
Let o(d) = -2*d**2 - d - 149. Let l be o(0). Let z = 81 - l. What is the highest common divisor of 23 and z?
23
Let i(m) = 2*m**2 + 10. Let y be i(-7). Suppose -3*d - 9 + y = 0. Let b(z) = -6*z - 2. Let v be b(-4). Calculate the highest common divisor of d and v.
11
Suppose -5*f + 175 = d, -f = f + 4*d - 52. Let q = -23763 + 23826. Calculate the greatest common factor of q and f.
9
Let d = -31 - -71. Suppose -12*j - 97 = -5*u - 9*j, -3*u = j - 61. Calculate the highest common divisor of u and d.
20
Let m be (-7)/49 + (-1292)/(-28) + 0. What is the highest common factor of 1886 and m?
46
Let k(d) = -d**2 + 2*d + 4. Let l be k(3). Let i be (63/12)/((-3)/8). Let f(v) = v + 17. Let m be f(i). What is the greatest common factor of m and l?
1
Let r(u) = u**3 + u**2 + u + 1. Let h(t) = 10*t**3 - 2*t**2 - 2*t - 3. Let p(m) = h(m) + 3*r(m). Let k be p(2). What is the greatest common factor of k and 22?
22
Let m(f) = -f**2 + 8*f - 9. Let l be m(7). Let v = -10 + l. Let z be (-525)/(-6) + (-6)/v. Calculate the greatest common divisor of z and 11.
11
Let f(y) = y**3 - 9*y**2 + 18*y + 10. Let a be f(6). Calculate the highest common divisor of 26 and a.
2
Let g be (2 - (-46)/(-4))/((-11)/220). What is the highest common factor of 10 and g?
10
Let w(b) be the third derivative of b**5/12 + b**4/3 + 13*b**3/6 - 10*b**2. Let p be w(-6). Calculate the greatest common factor of 29 and p.
29
Let u = -67 + -35. Let l be 2/3*u/(-4). Let x = 594 + -424. Calculate the greatest common factor of l and x.
17
Let i be 28 - 21 - (-1)/1. Suppose -2*f = 5*s - 436, -f - 98 = -s + 4*f. Calculate the greatest common divisor of i and s.
8
Suppose 0 = 5*y + 31 + 89. Let r be (15/6)/((-6)/y). Calculate the highest common divisor of 4 and r.
2
Suppose 2*v + 2*l = 28, -3*v - 3*l = l - 46. Let p = v + 50. Calculate the highest common factor of 15 and p.
15
Let j(r) = 11*r 